{"id":186,"date":"2024-10-24T16:24:24","date_gmt":"2024-10-24T16:24:24","guid":{"rendered":"https:\/\/carnicerialacentralcr.com\/?page_id=186"},"modified":"2024-10-24T17:43:14","modified_gmt":"2024-10-24T17:43:14","slug":"nosotros","status":"publish","type":"page","link":"https:\/\/carnicerialacentralcr.com\/?page_id=186","title":{"rendered":"Nosotros"},"content":{"rendered":"<p><strong>Visi\u00f3n<\/strong><br \/>\nSer la empresa referente en calidad de nuestros productos y la excelencia de los servicios c\u00e1rnicos que ofrecemos en Costa Rica.<\/p>\n<div class=\"title-after_title set-cont-mb-s reset-last-child wd-fontsize-xs\"><strong>Misi\u00f3n<\/strong><br \/>\nBrindamos bienestar a nuestros clientes, colaboradores y sus familias, a trav\u00e9s de productos y servicios de alta calidad. Conformamos un negocio sostenible, que asegure la excelencia generando valor social, ambiental y econ\u00f3mico.<\/div>\n<div><\/div>\n<div><img loading=\"lazy\" decoding=\"async\" class=\"alignnone size-full wp-image-261\" src=\"https:\/\/carnicerialacentralcr.com\/wp-content\/uploads\/2024\/10\/464301090_1144787384314111_4463666028064776281_n-scaled.jpg\" alt=\"\" width=\"2560\" height=\"957\" srcset=\"https:\/\/carnicerialacentralcr.com\/wp-content\/uploads\/2024\/10\/464301090_1144787384314111_4463666028064776281_n-scaled.jpg 2560w, https:\/\/carnicerialacentralcr.com\/wp-content\/uploads\/2024\/10\/464301090_1144787384314111_4463666028064776281_n-300x112.jpg 300w, https:\/\/carnicerialacentralcr.com\/wp-content\/uploads\/2024\/10\/464301090_1144787384314111_4463666028064776281_n-1024x383.jpg 1024w, https:\/\/carnicerialacentralcr.com\/wp-content\/uploads\/2024\/10\/464301090_1144787384314111_4463666028064776281_n-768x287.jpg 768w, https:\/\/carnicerialacentralcr.com\/wp-content\/uploads\/2024\/10\/464301090_1144787384314111_4463666028064776281_n-1536x574.jpg 1536w, https:\/\/carnicerialacentralcr.com\/wp-content\/uploads\/2024\/10\/464301090_1144787384314111_4463666028064776281_n-2048x766.jpg 2048w\" sizes=\"auto, (max-width: 2560px) 100vw, 2560px\" \/><\/div>\n<div>\n<div id='gallery-1' class='gallery galleryid-186 gallery-columns-5 gallery-size-thumbnail'><figure class='gallery-item'>\n\t\t\t<div class='gallery-icon portrait'>\n\t\t\t\t<a href='https:\/\/carnicerialacentralcr.com\/wp-content\/uploads\/2024\/10\/70.jpg'><img loading=\"lazy\" decoding=\"async\" width=\"150\" height=\"150\" src=\"https:\/\/carnicerialacentralcr.com\/wp-content\/uploads\/2024\/10\/70-150x150.jpg\" class=\"attachment-thumbnail size-thumbnail\" alt=\"\" \/><\/a>\n\t\t\t<\/div><\/figure><figure class='gallery-item'>\n\t\t\t<div class='gallery-icon landscape'>\n\t\t\t\t<a href='https:\/\/carnicerialacentralcr.com\/wp-content\/uploads\/2024\/10\/101.jpg'><img loading=\"lazy\" decoding=\"async\" width=\"150\" height=\"150\" src=\"https:\/\/carnicerialacentralcr.com\/wp-content\/uploads\/2024\/10\/101-150x150.jpg\" class=\"attachment-thumbnail size-thumbnail\" alt=\"\" \/><\/a>\n\t\t\t<\/div><\/figure><figure class='gallery-item'>\n\t\t\t<div class='gallery-icon landscape'>\n\t\t\t\t<a href='https:\/\/carnicerialacentralcr.com\/wp-content\/uploads\/2024\/10\/100.jpg'><img loading=\"lazy\" decoding=\"async\" width=\"150\" height=\"150\" src=\"https:\/\/carnicerialacentralcr.com\/wp-content\/uploads\/2024\/10\/100-150x150.jpg\" class=\"attachment-thumbnail size-thumbnail\" alt=\"\" \/><\/a>\n\t\t\t<\/div><\/figure><figure class='gallery-item'>\n\t\t\t<div class='gallery-icon landscape'>\n\t\t\t\t<a href='https:\/\/carnicerialacentralcr.com\/wp-content\/uploads\/2024\/10\/102.jpg'><img loading=\"lazy\" decoding=\"async\" width=\"150\" height=\"150\" src=\"https:\/\/carnicerialacentralcr.com\/wp-content\/uploads\/2024\/10\/102-150x150.jpg\" class=\"attachment-thumbnail size-thumbnail\" alt=\"\" \/><\/a>\n\t\t\t<\/div><\/figure><figure class='gallery-item'>\n\t\t\t<div class='gallery-icon landscape'>\n\t\t\t\t<a href='https:\/\/carnicerialacentralcr.com\/wp-content\/uploads\/2024\/10\/103.jpg'><img loading=\"lazy\" decoding=\"async\" width=\"150\" height=\"150\" src=\"https:\/\/carnicerialacentralcr.com\/wp-content\/uploads\/2024\/10\/103-150x150.jpg\" class=\"attachment-thumbnail size-thumbnail\" alt=\"\" \/><\/a>\n\t\t\t<\/div><\/figure>\n\t\t<\/div>\n\n<\/div>\n","protected":false},"excerpt":{"rendered":"<p>Visi\u00f3n Ser la empresa referente en calidad de nuestros productos y la excelencia de los servicios c\u00e1rnicos que ofrecemos en Costa Rica. Misi\u00f3n Brindamos bienestar a nuestros clientes, colaboradores y&hellip;<\/p>\n","protected":false},"author":1,"featured_media":0,"parent":0,"menu_order":0,"comment_status":"closed","ping_status":"closed","template":"","meta":{"footnotes":""},"class_list":["post-186","page","type-page","status-publish","hentry"],"_links":{"self":[{"href":"https:\/\/carnicerialacentralcr.com\/index.php?rest_route=\/wp\/v2\/pages\/186","targetHints":{"allow":["GET"]}}],"collection":[{"href":"https:\/\/carnicerialacentralcr.com\/index.php?rest_route=\/wp\/v2\/pages"}],"about":[{"href":"https:\/\/carnicerialacentralcr.com\/index.php?rest_route=\/wp\/v2\/types\/page"}],"author":[{"embeddable":true,"href":"https:\/\/carnicerialacentralcr.com\/index.php?rest_route=\/wp\/v2\/users\/1"}],"replies":[{"embeddable":true,"href":"https:\/\/carnicerialacentralcr.com\/index.php?rest_route=%2Fwp%2Fv2%2Fcomments&post=186"}],"version-history":[{"count":7,"href":"https:\/\/carnicerialacentralcr.com\/index.php?rest_route=\/wp\/v2\/pages\/186\/revisions"}],"predecessor-version":[{"id":263,"href":"https:\/\/carnicerialacentralcr.com\/index.php?rest_route=\/wp\/v2\/pages\/186\/revisions\/263"}],"wp:attachment":[{"href":"https:\/\/carnicerialacentralcr.com\/index.php?rest_route=%2Fwp%2Fv2%2Fmedia&parent=186"}],"curies":[{"name":"wp","href":"https:\/\/api.w.org\/{rel}","templated":true}]}}